*l + 3 = -0. Calculate u(l).
12
Let i = 63 - 69. Let q(j) = -j**3 - 6*j**2 - 1. Give q(i).
-1
Let i(g) be the third derivative of g**6/120 + g**5/60 + g**4/24 - 11*g**3/6 - 8*g**2. Calculate i(0).
-11
Let r(o) = 3*o + 1. Let d(s) = 2*s. Let x be d(-1). Determine r(x).
-5
Let t be 3 - 4 - (4 - (1 + 2)). Let k(b) = -7*b + 4. Let y(j) = -8*j + 5. Let n(a) = -7*k(a) + 6*y(a). Determine n(t).
0
Suppose -1 = 4*c + 11. Let b = c - -4. Let i(s) = 2*s**3 - s + 1. What is i(b)?
2
Let l be (-138)/(-36) - (-2)/12. Let c(n) = -n**2 + 5*n + 1. Give c(l).
5
Let f be 11/((-242)/11)*(2 + -2). Let u(q) be the second derivative of q**4/12 + q**2 - q. Give u(f).
2
Let c(j) be the second derivative of j**4/12 + j**3/6 - 2*j**2 + 2*j - 10. What is c(-3)?
2
Let s(p) = p**3 - 6*p**2 - p + 3. Let w(h) = h**3 - 2*h**2 + 2*h + 6. Let l be w(0). Determine s(l).
-3
Let f(n) = -7*n + 1. Let o(p) = -p**3 - 24*p**2 - 21*p + 47. Let c be o(-23). What is f(c)?
-6
Suppose -3*w = -7*w + 20. Let x(j) = j**2 - 5*j + 2. Determine x(w).
2
Suppose -4*o = -3*n - 2*n - 33, 3*n + 7 = -4*o. Let d(v) = 6*v + 3*v**2 - 3*v**o - v**3 - v + 5*v**2 - 2. Let l be 1/(-1) - (-6 - 1). Determine d(l).
-8
Let m(d) = 0 - 1 - 7*d**2 + 6*d**2 + d. Suppose -5*k = 3*u - 19, -5*u = -4*u - 3. Calculate m(k).
-3
Let c(l) = 2*l**2 + 28*l - 14. Let y(s) = s**2 + 14*s - 7. Let w(m) = -2*c(m) + 5*y(m). Determine w(-14).
-7
Suppose -y - 2*g = 2*g - 22, -g + 5 = 0. Suppose y*t = 4*t + 2. Let b(s) = -5*s**3 - s**2 - 2*s - 1. Determine b(t).
5
Let q(m) be the third derivative of -m**4/8 - m**3/2 - m**2. Let c = -4 + 4. Suppose -15 = -5*g - c, 4*g - 8 = -2*v. What is q(v)?
3
Let u(l) = l**3 + l**2 + l + 1. Let c be u(-2). Let i(t) = t**2 + 6*t - 5. Determine i(c).
-10
Let l(d) = -1 + 3 - 3 + 2*d - 3. Calculate l(3).
2
Let k(i) = 2*i**2 + 3*i**2 - i + 2 - i**3 - 2*i**2. Calculate k(3).
-1
Let s(h) = -6*h**2 + 0*h**2 - 2*h - 7 + 5*h**2 - 2*h. What is s(-5)?
-12
Let y(z) = -2*z - z - z - z + 1. Suppose 3*q - 2*b = 3, 0 = -7*q + 6*q + b + 2. Give y(q).
6
Let q(t) be the first derivative of -t**3/3 - 4*t**2 - 5*t + 4. Give q(-6).
7
Let s(w) = 9*w + 1. Suppose d + 13 = 3*f, -3*d - f + 5 = 4. Calculate s(d).
-8
Let v(i) = -4*i**2 - 4*i. Let o(l) = -3*l**2 - 4*l. Let g(a) = 5*o(a) - 4*v(a). Let h be g(5). Let t(b) = -h - b + 0 - 1. Calculate t(0).
-6
Suppose 24 = 5*n - 9*n. Let q(m) = -m**3 - 5*m**2 + 6*m - 5. Give q(n).
-5
Let l(a) = 4*a. Let u = 10 + -7. Suppose -v + u = -2*f, -v + 2*v - 1 = f. What is l(v)?
-4
Let a be 3/6*(2 - 2). Suppose a = -3*w + 4*w + 1. Let h(l) = -5*l. Calculate h(w).
5
Let s(c) = -c**3 + 4*c**2 - 2*c - 3. Suppose 0 = 3*m - 10*m + 28. Let r(u) = u**2 - 2*u - 4. Let i be r(m). Calculate s(i).
-11
Suppose 1 = l - 1. Let n(x) = 6*x**2 - 5*x**2 + 6 - 2 - 3 - 2*x. Give n(l).
1
Let f(k) = 0*k - 8 - k + 9. Let v(a) = 3*a - 3. Let z = -5 - -11. Let c(u) = z*v(u) + 17*f(u). What is c(0)?
-1
Let g(f) = -f + 13. Suppose 5*n - 4 = 26. Determine g(n).
7
Let f = -1 + -5. Let c(o) = 2*o + 1. Let i be c(4). Let g = i + f. Let k(u) = u**3 - 2*u**2 - 4*u + 2. What is k(g)?
-1
Suppose -16*p - 15 = -11*p - 5*r, -r = -3. Let n(f) = -f**3 - f - 5. What is n(p)?
-5
Suppose -19 = -2*o + 3*o + 2*s, 4*o = 3*s - 54. Suppose 3*q = 12, 0 = 2*r + q - 5*q - 26. Let f = r + o. Let u(i) = i**3 - 6*i**2 - i - 1. Give u(f).
-7
Let c(q) = q**2 + 2*q - 3. Let i = 10 - 5. Suppose 3 = i*a - 7. Give c(a).
5
Suppose h - 4*z + 3 = 2*h, h - 4*z = 3. Let b(s) = -s**2 + 2*s + 1. What is b(h)?
-2
Let g(w) = -w + w**3 + 2*w + 7*w**2 + 2 - w**2. Let p = 15 + -21. Determine g(p).
-4
Let l(j) = 4*j**3 - 8*j**2 - 9*j - 8. Let m(b) = -5*b**3 + 9*b**2 + 10*b + 9. Let z(h) = -7*l(h) - 6*m(h). Determine z(-2).
-12
Let r(g) = -g**2 - 6*g. Let b(c) = 6*c**2 + 30*c - 1. Suppose -3*d - 5 = f, 0*f - 3*f = 3*d + 9. Let s(l) = f*b(l) - 11*r(l). Give s(6).
2
Suppose 0*j + 3*j - 2*y + 21 = 0, -2*j = 3*y + 1. Let m be -1*(j + (-2)/(-1)). Let w(p) = p**2 - p - 4. Give w(m).
2
Suppose 3*b - 4*b + 5 = 0. Let f(w) = -w**2 - w - w - 5*w - b. Suppose -2 - 6 = 2*q - n, q + 2*n = -9. Determine f(q).
5
Suppose 2*c = -0*d - 4*d + 20, -12 = -2*c - 2*d. Let j(k) = -4*k**c + 2*k**2 - 4 + 5. Give j(-1).
-1
Let h(k) be the third derivative of k**6/120 + k**5/15 + k**4/6 - k**3/6 - 3*k**2. Give h(-3).
-4
Let z(d) = d**2 - 5*d - 5. Suppose 0*y + 4 = y, 4*t - 2*y = 12. Give z(t).
-5
Let f(c) = -2*c**2 + 4*c**2 - 2*c + 4 - 5. Suppose w + s = -5, -7 = 2*w - 3*w + 2*s. What is f(w)?
3
Let m(i) = 4*i**3 + 6*i**2 + 7*i - 1. Let d(u) = -u**3 - u**2 - u + 1. Let b(t) = 3*d(t) + m(t). Determine b(-2).
-2
Let o(v) = v**3 + 10*v**2 + 9*v + 6. Let i(j) = -j**2 - j - 1. Let s be (1 + 2)*(-3)/(-9). Let m(q) = s*o(q) + 3*i(q). Give m(-6).
3
Let f(m) be the third derivative of 0*m - 1/6*m**3 - 2*m**2 + 0 + 1/24*m**4. Calculate f(5).
4
Suppose 0*d + 2*d - t = -7, -20 = 5*d - 5*t. Let x(v) = 1 + 3 - 1 + 0 + v. What is x(d)?
0
Let t(i) be the third derivative of i**4/24 - i**3/2 - i**2. Determine t(5).
2
Let z(d) = d**2 - d - 4. Let c(p) = 1. Let f(r) = 6*c(r) + 2*z(r). Calculate f(2).
2
Let c(v) = -v + 7. Suppose 4*o - 9 = 3*p, 0 = -5*o + 7*p - 2*p + 10. Let a be c(o). Let q(y) = y**2 - 2*y - 4. Give q(a).
4
Suppose -4*d + 0*d = 0. Let l(h) be the third derivative of -h**4/24 + h**3/3 + h**2. What is l(d)?
2
Let w be 1/(1/(-2)) + (30 - 26). Let p(o) = o**3 + 1. Give p(w).
9
Let w(s) = s**3 + 5*s**2 + 2*s - 1. Let t = 17 - 13. Suppose 0 = 5*r + t*x - 5, 0*x = 4*x - 20. Calculate w(r).
11
Suppose 0 = 4*d - 4*u, 5*d - u + 14 = -3*u. Let x(q) = -q - 1. Let o(y) = 4*y + 6. Let g(b) = 2*o(b) + 10*x(b). Determine g(d).
6
Let t(j) be the second derivative of -1/3*j**3 - 1/10*j**5 + 0 + 1/4*j**4 + 0*j**2 + 11*j. Give t(2).
-8
Let y(s) = -s - 7. Let g(v) = -v - 3. Let z(m) = 5*g(m) - 3*y(m). Let q be -1 + 8 - (1 - 0). Determine z(q).
-6
Let j(p) be the first derivative of p**2/2 + 2*p + 1. Suppose 4*q - 15 = -3. Let k be 2/1 + -1 - q. Determine j(k).
0
Let j(z) = z**3 - z - 3. Let h(g) = g**3 + g**2 - 1. Let o(w) = 2*h(w) - j(w). Let s be -1*12/(-8)*-6. Let l(m) = m + 7. Let p be l(s). Calculate o(p).
-1
Let x(u) = -u**2 + 9*u - 7. Let d(h) = h**2 - 4*h. Let r be d(5). Suppose 0 = -r*f - 2*m + 7*m + 40, 0 = 3*m + 9. Give x(f).
13
Let v(x) be the second derivative of 9*x + 7/2*x**2 + 0 + 1/3*x**3. Calculate v(-5).
-3
Let i(x) be the second derivative of -3*x**3/2 - 2*x**2 + 2*x. Let r(n) = n. Let u = -1 + 0. Let z(o) = u*i(o) - 6*r(o). What is z(-3)?
-5
Let i(y) be the second derivative of y**5/20 - 5*y**4/12 - 3*y**3/2 + 2*y**2 - 61*y. Suppose 0 = 2*s - 0*s - 12. Determine i(s).
-14
Let f(j) = j**2 + 5*j + 6. Let d be f(-4). Let q(v) = -6 + 2*v**2 - d + 2 + 6*v. Give q(-5).
14
Let f(t) = -t**2 - t - 5. Let w = 17 + -9. Let s = -5 + w. Suppose -2*k = s*k. What is f(k)?
-5
Let b be (8 + -9)/((-2)/8). Let v(r) be the second derivative of -3*r + 0 - 1/2*r**2 + 1/6*r**3 + 1/12*r**b - 3/10*r**5. Give v(1).
-5
Let x be 56/(-10) + ((-16)/(-40))/(-1). Let i(t) = t**3 + 7*t**2 + 4*t - 8. Calculate i(x).
4
Suppose -8 + 4 = -2*x. Let l = x + -3. Let v(o) be the third derivative of o**5/10 + o**4/12 + o**3/6 + 6*o**2. Determine v(l).
5
Let t be 1/(-4) + (-18)/(-8). Suppose t*q = -q. Let v(b) = -b**2 - 5. What is v(q)?
-5
Suppose 3*j - 57 = 5*b, 3*b + 2*j = -24 + 5. Let u be (-1)/(b/(-6) - 1). Let x(v) = 3*v**2 + 3*v + 3. Give x(u).
9
Let j be (42/(-9) - -4)*3. Let w(m) = -m**3 + 2*m**2 + 3*m. Give w(j).
10
Let y(p) = -2*p**2 - 6*p**2 + 24*p**3 - 1 - 23*p**3 + p. What is y(8)?
7
Let x(l) = l**3 + 3*l**2 - 5*l - 2. Let q = -19 - -15. What is x(q)?
2
Let h(a) = -a**2 - 7*a + 10. Let i be h(-8). Let p = i - 4. Let f(u) = -5*u + 6*u + 0*u. Give f(p).
-2
Let b(x) = -3*x + 7*x + 6 - 11*x - 2*x**2 + x**2. Give b(-6).
12
Suppose -x = -8 - 0. Suppose -2 = 2*j - x. Let l(y) = 3*y - 4. What is l(j)?
5
Let g(c) = c**2 + 2*c + 2. Let v be 10/(-5) - (-1)/2*0. What is g(v)?
2
Let y(z) be the first derivative of 3*z**2/2 - 13. Give y(-2).
-6
Let d(u) = 5*u + 117 - 118 - 4*u**2 - 6*u. Give d(-1).
-4
Let v(b) be the third derivative of 0 + 0*b - 3/2*b**3 - 1/24*b**4 + 2*b**2. Let h be v(-7). Let j(a) = -2*a - 2. Calculate j(h).
2
Let d(o) = o**3 + 5*o**2 + 3*o. Let q(v) = 4*v**3 + 20*v**2 + 11*v. Let p(y) = -9*d(y) + 2*q(y). Let k 